{"id":77,"date":"2010-04-28T07:50:43","date_gmt":"2010-04-28T06:50:43","guid":{"rendered":"http:\/\/ar.labourel.comee.fr\/?page_id=77"},"modified":"2010-04-28T07:50:43","modified_gmt":"2010-04-28T06:50:43","slug":"mes-expos-2011","status":"publish","type":"page","link":"http:\/\/szyjuic.cluster030.hosting.ovh.net\/peinture\/?page_id=77","title":{"rendered":"mes expos en 2011"},"content":{"rendered":"<p>Seize expositions en France sont affich\u00e9es jusqu&rsquo;en septembre 2011.<\/p>\n<p>SENONES 88<br \/>\nl&rsquo;association des amis de la biblioth\u00e8que de Senones vous invite \u00e0 d\u00e9couvrir mes oeuvres (soixante-douze) du samedi 2 juillet au 31 ao\u00fbt 2011 \u00e0 la biblioth\u00e8que 6, Place Cl\u00e9menceau les mardis, mercredis, vendredis et samedis de 14 \u00e0 18h. Vernissage samedi 2 juillet \u00e0 17 h. J&rsquo;ai apport\u00e9 aussi quelques photos dont une de classe de primaire o\u00f9 je suis scolaris\u00e9 \u00e0 Senones, avec comme instit M. HERQUEL, au si\u00e8cle dernier &#8230;<br \/>\nVernissage et accueil parfait en pr\u00e9sence de M. le conseiller g\u00e9n\u00e9ral-maire de SENONES et ses collaborateurs, de M. le Maire de MOYENMOUTIER et son adjointe Yolande PETITNICOLAS, du Pr\u00e9sident des amis de la biblioth\u00e8que de SENONES, de M. le cur\u00e9 de SENONES et bien d&rsquo;autres autorit\u00e9s et collaborateurs (trices) que je remercie de leur pr\u00e9sence et de leur travail, sans oublier mes proches et amis. C&rsquo;est la premi\u00e8re fois que 107 tableaux sont expos\u00e9s en m\u00eame temps en Lorraine, sur plusieurs expositions (6) simultan\u00e9ment.<\/p>\n<p>BLAMONT 54<\/p>\n<p>le 1er mai journ\u00e9e porte ouverte galerie art delor \u00e0 l&rsquo;occasion de la foire. Je pr\u00e9senterai une peinture de l&rsquo;\u00e9glise de Bl\u00e2mont qui est  juste en face,  ainsi que des coquelicots. Superbe journ\u00e9e ensoleill\u00e9e, beaucoup de visiteurs.<\/p>\n<p>BLAMONT 54<br \/>\nPlace de Gaulle, au centre ville, 1\u00e8re exposition et vente de fonds d&rsquo;ateliers d&rsquo;artistes, le dimanche 29 mai de 9 \u00e0 18h, en bordure de la RN 4. Le soleil \u00e9tait au rendez-vous. Nous avons b\u00e9n\u00e9fici\u00e9 du soutien de la Mairie de Bl\u00e2mont, des services techniques  et de l&rsquo;aide du comit\u00e9 repr\u00e9sent\u00e9 par Pierre Besnard. Merci \u00e0 eux et aux artistes pr\u00e9sents qui sont venus pr\u00e9senter des fonds d&rsquo;ateliers superbes.<\/p>\n<p>BLAMONT 54<br \/>\nLe dimanche  18 septembre,  se c\u00f4toieront pour l&rsquo;occasion une centaine d&rsquo; artistes (peintres, \u00e9crivains, musiciens, photographes, potiers, ferroniers d&rsquo;art, sculpteurs, maquettistes, des animations diverses dont la pr\u00e9sence de la montgolfi\u00e8re du conseil g\u00e9n\u00e9ral captive avec mont\u00e9es gratuites l&rsquo;apr\u00e8s-midi, man\u00e8ge,  etc&#8230;.)  une grande journ\u00e9e de l&rsquo;art est en pr\u00e9paration \u00e0 Bl\u00e2mont dans un \u00e9cran de verdure (base de loisirs) (camping)  en bordure  d&rsquo;un \u00e9tang de 3 ha. Tous les arts seront repr\u00e9sent\u00e9s. Retenez cette date. C&rsquo;est votre f\u00eate, c&rsquo;est la 2\u00e8me \u00e9dition de la journ\u00e9e de l&rsquo;art, vous \u00eates invit\u00e9s&#8230; On compte sur vous ! Des chapiteaux seront mont\u00e9s pour abriter chaque artiste, une table, une chaise seront \u00e0 votre dispo, avec 3 m lin\u00e9aires = 25 \u20ac ou 5 m lin\u00e9aires = 35 \u20ac  . Restauration sur place.<br \/>\nSucc\u00e8s estropi\u00e9 par des averses. Merci aux \u00e9lus, notables, annonceurs, b\u00e9n\u00e9voles et tous les autres.<\/p>\n<p>BLAMONT 54<\/p>\n<p>4 au 13 juin inclus exposition galerie Art Delor rue Victor Pierre. Renseignements sur expo : Jean Michel Guise 06 43 70 47 95 o\u00f9 je serai pr\u00e9sent avec 7 toiles.<\/p>\n<p>BLAMONT 54<\/p>\n<p>maison de retraite jusque fin f\u00e9vrier 2011<\/p>\n<p>RAON L&rsquo;\u00c9TAPE 88<\/p>\n<p>studio Exel photos chez Clotaire Folefack \u00e0 raon l&rsquo;\u00e9tape,   1er prix national de photographie cat\u00e9gorie portraits enfants,  mes tableaux sur cadre num\u00e9rique jusqu&rsquo;au 28 f\u00e9vrier puis \u00e0 partir du 5 avril un choix de 6 tableaux de la cat\u00e9gorie \u00ab\u00a0nus\u00a0\u00bb en exposition.<\/p>\n<p>BADONVILLER 54<\/p>\n<p>maison de retraite \u00e0 compter du 3 mars 2011 au 10 rue Chanzy jusque fin mai.<br \/>\n47 tableaux ornent les murs des couloirs de cet \u00e9tablissement. Merci \u00e0 Dominique, la d\u00e9vou\u00e9e animatrice de ce centre qui sait faire plaisir aux r\u00e9sidants en organisant des attractions journali\u00e8res, ludiques mais combien indispensables. Les critiques de cette exposition sont naturellement tr\u00e8s positives tant parmi le personnel encadrant que parmi les anciens.<\/p>\n<p>SAULNY 57<\/p>\n<p>salon cr\u00e9ativ&rsquo;arts au foyer des jeunes de Saulny le dimanche 22 mai toute la journ\u00e9e.<br \/>\nAmbiance excellente, artistes confirm\u00e9s, organisation superbe, d\u00e9jeuner et buffet sympa. Merci aux organisateurs et organisatrices.<\/p>\n<p>CIREY SUR VEZOUZE<\/p>\n<p>maison de retraite depuis le 8 septembre 2010 o\u00f9 de nouveaux tableaux ont \u00e9t\u00e9 mis le 1er d\u00e9cembre 2010 puis renouvel\u00e9s le 1er mars 2011. Retir\u00e9s le 15 juin il en restera deux.<\/p>\n<p>BERTRICHAMPS<\/p>\n<p>restaurant \u00ab\u00a0la table du boulanger\u00a0\u00bb.<br \/>\nLa salle du restaurant est orn\u00e9e d&rsquo;une dizaine de mes plus belles oeuvres depuis le 1er mars 2011 et renouvel\u00e9s pour neuf d&rsquo;entre eux  le 31 mai dont le nu couch\u00e9, grand prix du public 2010, prim\u00e9 lors de l&rsquo;exposition de d\u00e9cembre 2010 \u00e0 BLAMONT et encore un nouveau le 14 juin (l&rsquo;\u00e9glise de Bertrichamps)<br \/>\ncela porte \u00e0 quatre tableaux les visages du village de Bertrichamps, dont la chapelle st jean, la rue du g\u00e9n\u00e9ral leclerc, le restaurant \u00a0\u00bb la table du boulanger\u00a0\u00bb et l&rsquo;\u00e9glise. J&rsquo;en change la moiti\u00e9 d\u00e9but septembre 2011.<br \/>\nMerci Miranda.<\/p>\n<p>HARBOUEY :<\/p>\n<p>Le tableau \u00ab\u00a0gazelle 1\u00a0\u00bb sera expos\u00e9 chez Henri  SCHAAB,  membre de l&rsquo;association,  dans un de ses gites, \u00ab\u00a0les bosquets\u00a0\u00bb, lieu d&rsquo;expositions et d&rsquo;h\u00e9bergement de vacances,   du 2 au 30 juillet \u00e0 Harbouey<br \/>\ncontact : henrischaab@orange.fr      site www.henri-schaab.com<\/p>\n<p>BLAMONT<\/p>\n<p>exposition des \u00e9l\u00e8ves de l&rsquo;\u00e9cole de peinture de fabien Montfort du 18 au 26 juin 2011 \u00e0 la galerie art-delor<br \/>\n36 rue Victor Pierre tous les jours de 14 \u00e0 18 heures et le vendredi 24 juin en nocturne de 14 h 30 \u00e0 22 h 30.<br \/>\nVernissage le samedi 18 juin \u00e0 18 h. Plusieurs tableaux destin\u00e9s aux enfants figuraient parmi mes oeuvres pour la premi\u00e8re fois.<\/p>\n<p>MIGN\u00c9VILLE<\/p>\n<p>f\u00eate de l&rsquo;art et du cochon organis\u00e9e de main de ma\u00eetre par le Pr\u00e9sident de la MJC, Julien Baccus. Une f\u00eate s\u00e9rieuse et qui se veut en m\u00eame temps ludique. Tous les ingr\u00e9dients sont l\u00e0 pour passer une excellente journ\u00e9e. J&rsquo;exposerai plusieurs tableaux sous chapiteau ce dimanche 25 septembre 2011  (trois grilles et une dizaine de chevalets). Ce sera volontairement mon avant-derni\u00e8re expo cette ann\u00e9e. Succ\u00e8s comme tous les ans avec un beau soleil.<\/p>\n<p>BLAMONT<\/p>\n<p>chez Lulu fleurs, rue Victor Pierre \u00e0 BLAMONT,  notre sympathique fleuriste, pr\u00e8s de l&rsquo;\u00e9cole de peinture et de la galerie, plusieurs tableaux  viendront orner les compositions florales de ce commerce cette ann\u00e9e. Initiative  locale tr\u00e8s originale et sympathique qui d\u00e9bute le 1er juin par des tableaux de fleurs naturellement.<\/p>\n<p>BLAMONT<br \/>\nune derni\u00e8re exposition en fin d&rsquo;ann\u00e9e galerie art delor. Je ne serai pas pr\u00e9sent physiquement mais quelques uns de mes 6 derniers tableaux  (5 sur des chevaux et la fillette khmer)  seront sur les cimaises, 3 \u00e0 l&rsquo;huile et pour la premi\u00e8re fois \u00e0 Bl\u00e2mont 3 au pastel sec.<\/p>\n<p>CAMBODGE &#8211; THAILANDE voyage d&rsquo;\u00e9tudes fin septembre : ma\u00eetrise du carbon powder, je ferai aquarelles, pastels et expositions.<\/p>\n","protected":false},"excerpt":{"rendered":"<p>Seize expositions en France sont affich\u00e9es jusqu&rsquo;en septembre 2011. SENONES 88 l&rsquo;association des amis de la biblioth\u00e8que de Senones vous invite \u00e0 d\u00e9couvrir mes oeuvres (soixante-douze) du samedi 2 juillet au 31 ao\u00fbt 2011 \u00e0 la biblioth\u00e8que 6, Place Cl\u00e9menceau les mardis, mercredis, vendredis et samedis de 14 \u00e0 18h. Vernissage samedi 2 juillet \u00e0 &hellip; <a href=\"http:\/\/szyjuic.cluster030.hosting.ovh.net\/peinture\/?page_id=77\" class=\"more-link\">Continuer la lecture de <span class=\"screen-reader-text\">mes expos en 2011<\/span>  <span class=\"meta-nav\">&rarr;<\/span><\/a><\/p>\n","protected":false},"author":1,"featured_media":0,"parent":0,"menu_order":4,"comment_status":"closed","ping_status":"closed","template":"","meta":{"footnotes":""},"_links":{"self":[{"href":"http:\/\/szyjuic.cluster030.hosting.ovh.net\/peinture\/index.php?rest_route=\/wp\/v2\/pages\/77"}],"collection":[{"href":"http:\/\/szyjuic.cluster030.hosting.ovh.net\/peinture\/index.php?rest_route=\/wp\/v2\/pages"}],"about":[{"href":"http:\/\/szyjuic.cluster030.hosting.ovh.net\/peinture\/index.php?rest_route=\/wp\/v2\/types\/page"}],"author":[{"embeddable":true,"href":"http:\/\/szyjuic.cluster030.hosting.ovh.net\/peinture\/index.php?rest_route=\/wp\/v2\/users\/1"}],"replies":[{"embeddable":true,"href":"http:\/\/szyjuic.cluster030.hosting.ovh.net\/peinture\/index.php?rest_route=%2Fwp%2Fv2%2Fcomments&post=77"}],"version-history":[{"count":0,"href":"http:\/\/szyjuic.cluster030.hosting.ovh.net\/peinture\/index.php?rest_route=\/wp\/v2\/pages\/77\/revisions"}],"wp:attachment":[{"href":"http:\/\/szyjuic.cluster030.hosting.ovh.net\/peinture\/index.php?rest_route=%2Fwp%2Fv2%2Fmedia&parent=77"}],"curies":[{"name":"wp","href":"https:\/\/api.w.org\/{rel}","templated":true}]}}

<p>Seize expositions en France sont affichées jusqu&rsquo;en septembre 2011.</p>
<p>SENONES 88<br />
l&rsquo;association des amis de la bibliothèque de Senones vous invite à découvrir mes oeuvres (soixante-douze) du samedi 2 juillet au 31 août 2011 à la bibliothèque 6, Place Clémenceau les mardis, mercredis, vendredis et samedis de 14 à 18h. Vernissage samedi 2 juillet à 17 h. J&rsquo;ai apporté aussi quelques photos dont une de classe de primaire où je suis scolarisé à Senones, avec comme instit M. HERQUEL, au siècle dernier &#8230;<br />
Vernissage et accueil parfait en présence de M. le conseiller général-maire de SENONES et ses collaborateurs, de M. le Maire de MOYENMOUTIER et son adjointe Yolande PETITNICOLAS, du Président des amis de la bibliothèque de SENONES, de M. le curé de SENONES et bien d&rsquo;autres autorités et collaborateurs (trices) que je remercie de leur présence et de leur travail, sans oublier mes proches et amis. C&rsquo;est la première fois que 107 tableaux sont exposés en même temps en Lorraine, sur plusieurs expositions (6) simultanément.</p>
<p>BLAMONT 54</p>
<p>le 1er mai journée porte ouverte galerie art delor à l&rsquo;occasion de la foire. Je présenterai une peinture de l&rsquo;église de Blâmont qui est  juste en face,  ainsi que des coquelicots. Superbe journée ensoleillée, beaucoup de visiteurs.</p>
<p>BLAMONT 54<br />
Place de Gaulle, au centre ville, 1ère exposition et vente de fonds d&rsquo;ateliers d&rsquo;artistes, le dimanche 29 mai de 9 à 18h, en bordure de la RN 4. Le soleil était au rendez-vous. Nous avons bénéficié du soutien de la Mairie de Blâmont, des services techniques  et de l&rsquo;aide du comité représenté par Pierre Besnard. Merci à eux et aux artistes présents qui sont venus présenter des fonds d&rsquo;ateliers superbes.</p>
<p>BLAMONT 54<br />
Le dimanche  18 septembre,  se côtoieront pour l&rsquo;occasion une centaine d&rsquo; artistes (peintres, écrivains, musiciens, photographes, potiers, ferroniers d&rsquo;art, sculpteurs, maquettistes, des animations diverses dont la présence de la montgolfière du conseil général captive avec montées gratuites l&rsquo;après-midi, manège,  etc&#8230;.)  une grande journée de l&rsquo;art est en préparation à Blâmont dans un écran de verdure (base de loisirs) (camping)  en bordure  d&rsquo;un étang de 3 ha. Tous les arts seront représentés. Retenez cette date. C&rsquo;est votre fête, c&rsquo;est la 2ème édition de la journée de l&rsquo;art, vous êtes invités&#8230; On compte sur vous ! Des chapiteaux seront montés pour abriter chaque artiste, une table, une chaise seront à votre dispo, avec 3 m linéaires = 25 € ou 5 m linéaires = 35 €  . Restauration sur place.<br />
Succès estropié par des averses. Merci aux élus, notables, annonceurs, bénévoles et tous les autres.</p>
<p>BLAMONT 54</p>
<p>4 au 13 juin inclus exposition galerie Art Delor rue Victor Pierre. Renseignements sur expo : Jean Michel Guise 06 43 70 47 95 où je serai présent avec 7 toiles.</p>
<p>BLAMONT 54</p>
<p>maison de retraite jusque fin février 2011</p>
<p>RAON L&rsquo;ÉTAPE 88</p>
<p>studio Exel photos chez Clotaire Folefack à raon l&rsquo;étape,   1er prix national de photographie catégorie portraits enfants,  mes tableaux sur cadre numérique jusqu&rsquo;au 28 février puis à partir du 5 avril un choix de 6 tableaux de la catégorie « nus » en exposition.</p>
<p>BADONVILLER 54</p>
<p>maison de retraite à compter du 3 mars 2011 au 10 rue Chanzy jusque fin mai.<br />
47 tableaux ornent les murs des couloirs de cet établissement. Merci à Dominique, la dévouée animatrice de ce centre qui sait faire plaisir aux résidants en organisant des attractions journalières, ludiques mais combien indispensables. Les critiques de cette exposition sont naturellement très positives tant parmi le personnel encadrant que parmi les anciens.</p>
<p>SAULNY 57</p>
<p>salon créativ&rsquo;arts au foyer des jeunes de Saulny le dimanche 22 mai toute la journée.<br />
Ambiance excellente, artistes confirmés, organisation superbe, déjeuner et buffet sympa. Merci aux organisateurs et organisatrices.</p>
<p>CIREY SUR VEZOUZE</p>
<p>maison de retraite depuis le 8 septembre 2010 où de nouveaux tableaux ont été mis le 1er décembre 2010 puis renouvelés le 1er mars 2011. Retirés le 15 juin il en restera deux.</p>
<p>BERTRICHAMPS</p>
<p>restaurant « la table du boulanger ».<br />
La salle du restaurant est ornée d&rsquo;une dizaine de mes plus belles oeuvres depuis le 1er mars 2011 et renouvelés pour neuf d&rsquo;entre eux  le 31 mai dont le nu couché, grand prix du public 2010, primé lors de l&rsquo;exposition de décembre 2010 à BLAMONT et encore un nouveau le 14 juin (l&rsquo;église de Bertrichamps)<br />
cela porte à quatre tableaux les visages du village de Bertrichamps, dont la chapelle st jean, la rue du général leclerc, le restaurant  » la table du boulanger » et l&rsquo;église. J&rsquo;en change la moitié début septembre 2011.<br />
Merci Miranda.</p>
<p>HARBOUEY :</p>
<p>Le tableau « gazelle 1 » sera exposé chez Henri  SCHAAB,  membre de l&rsquo;association,  dans un de ses gites, « les bosquets », lieu d&rsquo;expositions et d&rsquo;hébergement de vacances,   du 2 au 30 juillet à Harbouey<br />
contact : henrischaab@orange.fr      site www.henri-schaab.com</p>
<p>BLAMONT</p>
<p>exposition des élèves de l&rsquo;école de peinture de fabien Montfort du 18 au 26 juin 2011 à la galerie art-delor<br />
36 rue Victor Pierre tous les jours de 14 à 18 heures et le vendredi 24 juin en nocturne de 14 h 30 à 22 h 30.<br />
Vernissage le samedi 18 juin à 18 h. Plusieurs tableaux destinés aux enfants figuraient parmi mes oeuvres pour la première fois.</p>
<p>MIGNÉVILLE</p>
<p>fête de l&rsquo;art et du cochon organisée de main de maître par le Président de la MJC, Julien Baccus. Une fête sérieuse et qui se veut en même temps ludique. Tous les ingrédients sont là pour passer une excellente journée. J&rsquo;exposerai plusieurs tableaux sous chapiteau ce dimanche 25 septembre 2011  (trois grilles et une dizaine de chevalets). Ce sera volontairement mon avant-dernière expo cette année. Succès comme tous les ans avec un beau soleil.</p>
<p>BLAMONT</p>
<p>chez Lulu fleurs, rue Victor Pierre à BLAMONT,  notre sympathique fleuriste, près de l&rsquo;école de peinture et de la galerie, plusieurs tableaux  viendront orner les compositions florales de ce commerce cette année. Initiative  locale très originale et sympathique qui débute le 1er juin par des tableaux de fleurs naturellement.</p>
<p>BLAMONT<br />
une dernière exposition en fin d&rsquo;année galerie art delor. Je ne serai pas présent physiquement mais quelques uns de mes 6 derniers tableaux  (5 sur des chevaux et la fillette khmer)  seront sur les cimaises, 3 à l&rsquo;huile et pour la première fois à Blâmont 3 au pastel sec.</p>
<p>CAMBODGE &#8211; THAILANDE voyage d&rsquo;études fin septembre : maîtrise du carbon powder, je ferai aquarelles, pastels et expositions.</p>

<p>Seize expositions en France sont affichées jusqu&rsquo;en septembre 2011. SENONES 88 l&rsquo;association des amis de la bibliothèque de Senones vous invite à découvrir mes oeuvres (soixante-douze) du samedi 2 juillet au 31 août 2011 à la bibliothèque 6, Place Clémenceau les mardis, mercredis, vendredis et samedis de 14 à 18h. Vernissage samedi 2 juillet à &hellip; <a href="http://szyjuic.cluster030.hosting.ovh.net/peinture/?page_id=77" class="more-link">Continuer la lecture de <span class="screen-reader-text">mes expos en 2011</span>  <span class="meta-nav">&rarr;</span></a></p>
